r?
True
Is 134033 composite?
False
Is 31957 composite?
False
Is 232489 composite?
True
Is 399229 composite?
True
Is 8299 a prime number?
False
Is 5747 prime?
False
Is 5411 prime?
False
Is 8939 prime?
False
Is 416239 a composite number?
False
Is 187441 a prime number?
True
Is 364889 a prime number?
False
Is 3929191 a prime number?
False
Is 6143 composite?
False
Is 931403 prime?
False
Is 1391239 a composite number?
False
Is 657697 a prime number?
False
Is 3636442 composite?
True
Is 4729 a prime number?
True
Is 29254 a prime number?
False
Is 38483 a prime number?
False
Is 182893 a composite number?
False
Is 695 a prime number?
False
Is 563529 a prime number?
False
Is 1032893 composite?
True
Is 39541 prime?
True
Is 288731 composite?
False
Is 24737 composite?
True
Is 3761 prime?
True
Is 27499 prime?
False
Is 18317 a composite number?
True
Is 5491741 a prime number?
False
Is 24351 a prime number?
False
Is 1471 a composite number?
False
Is 203047 prime?
False
Is 149689 composite?
False
Is 2417 a prime number?
True
Is 15899 composite?
True
Is 397 a prime number?
True
Is 343481 composite?
False
Is 717989 a prime number?
True
Is 1710773 composite?
True
Is 40349 prime?
False
Is 613553 a composite number?
True
Is 4561 a prime number?
True
Is 3589 composite?
True
Is 103289 a composite number?
False
Is 444161 a prime number?
False
Is 19121 a prime number?
True
Is 22679 a composite number?
False
Is 10099 composite?
False
Is 853 a prime number?
True
Is 51749 composite?
False
Is 86783 composite?
False
Is 41315 a composite number?
True
Is 19042 prime?
False
Is 3935 composite?
True
Is 100103 a composite number?
False
Is 1191 a prime number?
False
Is 2075011 a composite number?
False
Is 38035 a prime number?
False
Is 17657 composite?
False
Is 1415303 a composite number?
False
Is 44579 prime?
True
Is 7393 prime?
True
Is 15971 a prime number?
True
Is 92179 a prime number?
True
Is 5383 composite?
True
Is 56629 composite?
False
Is 75853 composite?
False
Is 39827 a composite number?
False
Is 51109 a prime number?
True
Is 14923 composite?
False
Is 889 a composite number?
True
Is 3561611 prime?
True
Is 13499 prime?
True
Is 454109 a composite number?
False
Is 15991 prime?
True
Is 25229 prime?
True
Is 6787 composite?
True
Is 5779 prime?
True
Is 22163 a composite number?
True
Is 6459 prime?
False
Is 249 a prime number?
False
Is 28513 composite?
False
Is 20807 a prime number?
True
Is 10133 composite?
False
Is 194613 a composite number?
True
Is 342173 a prime number?
False
Is 324319 a prime number?
True
Is 379 a composite number?
False
Is 479289 composite?
True
Is 85469 a composite number?
False
Is 25523 a prime number?
True
Is 78931 prime?
False
Is 140549 a composite number?
False
Is 31367 a composite number?
True
Is 699617 prime?
True
Is 8513 a composite number?
False
Is 1189249 a composite number?
True
Is 7199957 a prime number?
True
Is 21881 prime?
True
Is 42815 composite?
True
Is 80267 a composite number?
True
Is 79771 a composite number?
True
Is 23719 a composite number?
False
Is 8947 composite?
True
Is 49701 a composite number?
True
Is 148147 composite?
False
Is 632689 composite?
True
Is 510889 prime?
True
Is 33365 composite?
True
Is 13367 prime?
True
Is 7183 a composite number?
True
Is 60833 a composite number?
True
Is 315277 a prime number?
False
Is 9523 a prime number?
False
Is 7033 prime?
False
Is 20153 a prime number?
False
Is 81815 a prime number?
False
Is 295487 prime?
False
Is 283303 a composite number?
False
Is 37543 a composite number?
True
Is 131605 a prime number?
False
Is 4987 composite?
False
Is 38993 a prime number?
True
Is 269429 prime?
True
Is 10077 a composite number?
True
Is 358949 prime?
False
Is 19847 prime?
False
Is 933551 prime?
True
Is 28903 prime?
False
Is 756961 a composite number?
False
Is 401267 composite?
True
Is 14513 a prime number?
False
Is 101917 prime?
True
Is 72421 prime?
True
Is 154663 prime?
False
Is 191407 prime?
False
Is 46993 a composite number?
False
Is 15863 prime?
False
Is 255653 prime?
True
Is 113317 prime?
False
Is 29851 a prime number?
True
Is 14143 prime?
True
Is 21469 a prime number?
False
Is 11113 composite?
False
Is 9019 a composite number?
True
Is 20173 a composite number?
False
Is 26473 composite?
True
Is 3126653 composite?
False
Is 1909 prime?
False
Is 24953 composite?
False
Is 49103 a prime number?
True
Is 237322 prime?
False
Is 46171 prime?
True
Is 161363 prime?
True
Is 1848667 composite?
False
Is 463291 a composite number?
False
Is 75311 a prime number?
False
Is 865 a composite number?
True
Is 7606 a prime number?
False
Is 53213 composite?
True
Is 24469 prime?
True
Is 7349 a composite number?
False
Is 225089 prime?
True
Is 1262 a prime number?
False
Is 18331 a prime number?
False
Is 12361 composite?
True
Is 9521 a prime number?
True
Is 107897 a prime number?
True
Is 129853 composite?
False
Is 18079 a composite number?
True
Is 14429 composite?
True
Is 97013 a composite number?
True
Is 184571 a prime number?
True
Is 16841 prime?
False
Is 1008973 a prime number?
False
Is 58099 a composite number?
False
Is 3371887 prime?
True
Is 9337 composite?
False
Is 47887 prime?
False
Is 6197 composite?
False
Is 92603 a prime number?
False
Is 14354 a composite number?
True
Is 427007 a composite number?
True
Is 142619 a composite number?
False
Is 12892331 prime?
True
Is 51335 a composite number?
True
Is 255891 a composite number?
True
Is 16921 prime?
True
Is 106127 a prime number?
False
Is 637409 a composite number?
False
Is 15058 prime?
False
Is 16795 prime?
False
Is 25997 composite?
False
Is 10517 prime?
False
Is 2541097 a prime number?
False
Is 397 a prime number?
True
Is 1088209 prime?
True
Is 1446383 composite?
False
Is 35177 a composite number?
True
Is 5669 prime?
True
Is 323 composite?
True
Is 117527 composite?
True
Is 343429 a prime number?
False
Is 516643 a prime number?
True
Is 20873 composite?
False
Is 342821 a composite number?
False
Is 16057 composite?
False
Is 20593 composite?
False
Is 147073 a prime number?
True
Is 49363 prime?
True
Is 35887 a prime number?
False
Is 2453 composite?
True
Is 449 a prime number?
True
Is 77797 composite?
False
Is 166219 composite?
False
Is 10969 composite?
True
Is 21023 a composite number?
False
Is 65177 composite?
True
Is 4645 composite?
True
Is 120451 a prime number?
False
Is 257899 a prime number?
False
Is 5069 a prime number?
False
Is 129697 a composite number?
True
Is 38039 prime?
True
Is 1004209 a composite number?
False
Is 232273 a prime number?
False
Is 23531 a prime number?
True
Is 1399 prime?
True
Is 402599 prime?
False
Is 5639 prime?
True
Is 7477 prime?
True
Is 162979 a composite number?
True
Is 541 a composite number?
False
Is 614843 a prime number?
True
Is 769 a composite number?
False
Is 23857 a prime number?
True
Is 4525953 a composite number?
True
Is 148249 a prime number?
True
Is 5147 a composite number?
False
Is 98633 a prime number?
False
Is 13309 a prime number?
True
Is 16429 prime?
False
Is 129313 prime?
True
Is 663843 composite?
True
Is 7529 composite?
False
Is 1209851 prime?
False
Is 614219 a composite number?
False
Is 188563 a prime number?
True
Is 155163 composite?
True
Is 151769 a prime number?
True
Is 6997 a composite number?
False
Is 1026911 a composite number?
False
Is 294629 composite?
False
Is 7423 prime?
False
Is 20101 a prime number?
True
Is 20183 a composite number?
False
Is 58991 composite?
False
Is 135619 a composite number?
True
Is 22367 a composite number?
False
Is 119285 a prime number?
False
Is 6901 a composite number?
True
Is 2819 composite?
False
Is 11337 composite?
True
Is 301 composite?
True
Is 29383 a prime number?
True
Is 30223 prime?
True
Is 36433 prime?
True
Is 24733 prime?
True
Is 2069 a composite number?
False
Is 412285 a composite number?
True
Is 15343 composite?
True
Is 659 a prime number?
True
Is 199091 prime?
False
Is 12761 a composite number?
True
Is 5423399 prime?
True
Is 1337131 a prime number?
False
Is 301979 composite?
False
Is 6459 composite?
True
Is 191071 a composite number?
False
Is 5534 a composite number?
True
Is 30574 a prime number?
False
Is 462403 a prime number?
False
Is 60351 prime?
False
Is 151303 prime?
True
Is 995531 composite?
False
Is 22199 a composite number?
True
Is 953831 a prime number?
True
Is 128519 a 